1221
In base 2, what is 10 - 101000010001010?
-101000010001000
In base 7, what is 2454 - -141?
2625
In base 4, what is 3333203 + -21?
3333122
In base 8, what is 5 - -16635?
16642
In base 9, what is 5 + -166768?
-166763
In base 3, what is -10 + -102202122?
-102202202
In base 2, what is 100 + -1000001110010111?
-1000001110010011
In base 8, what is -45314 - -20?
-45274
In base 13, what is 2c - -3a8?
407
In base 3, what is -12 + -1102112211?
-1102120000
In base 15, what is 3d2e5 - 0?
3d2e5
In base 4, what is -2323 - -3103?
120
In base 4, what is -10 + 11300123?
11300113
In base 9, what is -4 + -4582?
-4586
In base 13, what is -1a329 - 22?
-1a34b
In base 3, what is 20101022010212 + -12?
20101022010200
In base 10, what is 15195 - -23?
15218
In base 15, what is -89 + -14c?
-1d6
In base 12, what is 2 + -58536?
-58534
In base 6, what is -4152 + -20?
-4212
In base 7, what is 0 - -6643054?
6643054
In base 9, what is -101331 - 32?
-101363
In base 7, what is 1466 - -1130?
2626
In base 8, what is -3 - 12456?
-12461
In base 8, what is 1027152 - -2?
1027154
In base 3, what is 10100210 + -2021?
10021112
In base 14, what is -5 - 4033?
-4038
In base 14, what is -4d01 - -54?
-4c8b
In base 3, what is -1010112 - 112?
-1011001
In base 14, what is -2 + 12c81b?
12c819
In base 15, what is -15 - 6eb4?
-6ec9
In base 2, what is 100011010001111010111001 + -11?
100011010001111010110110
In base 7, what is 1401330 - -1?
1401331
In base 16, what is 4 - -3e70?
3e74
In base 16, what is -1c - 1512?
-152e
In base 2, what is -1000010010100101 + -101?
-1000010010101010
In base 15, what is 5e6d0c + 5?
5e6d12
In base 11, what is -4a - 472?
-511
In base 3, what is 102012 - 1211102?
-1102020
In base 6, what is -1104041 + -1?
-1104042
In base 2, what is -110001 + -11010100?
-100000101
In base 7, what is -3441 - 162?
-3633
In base 7, what is 120 - -201642?
202062
In base 6, what is 12 - 12341?
-12325
In base 3, what is -2221222102 + 1?
-2221222101
In base 12, what is 56 + -6224?
-618a
In base 11, what is 5 + -a81?
-a77
In base 6, what is 221535 + -10?
221525
In base 15, what is a478 + 17?
a490
In base 7, what is 151023 - 30?
150663
In base 3, what is -12 - -1021200220102?
1021200220020
In base 10, what is -8789 + -187?
-8976
In base 5, what is -43 - 4013?
-4111
In base 15, what is 18 + -49234?
-4921b
In base 7, what is 13 - -1221015?
1221031
In base 16, what is -5 - 1e185?
-1e18a
In base 11, what is -520 + -1a57?
-2477
In base 16, what is 1d43 - 7?
1d3c
In base 14, what is 1a756 - 8?
1a74c
In base 4, what is -10 + 1323030?
1323020
In base 14, what is 1 + 82d7?
82d8
In base 7, what is -3 - -450366?
450363
In base 9, what is 4 - -314265?
314270
In base 11, what is 1172a52 - -3?
1172a55
In base 6, what is -2 - 4111201?
-4111203
In base 6, what is 330 - -15441?
20211
In base 15, what is -2 + -76aa?
-76ac
In base 16, what is 8 + 6fcb?
6fd3
In base 9, what is -78 - 27758?
-27847
In base 14, what is -2a7a + 1a?
-2a60
In base 10, what is -3353 - 52?
-3405
In base 7, what is 0 + -2054321?
-2054321
In base 7, what is -1060562 - 2?
-1060564
In base 12, what is 4 - -113749?
113751
In base 12, what is -3 + -b109?
-b110
In base 8, what is -6164132 - 4?
-6164136
In base 4, what is 10231121 + 2333?
10300120
In base 12, what is -25 + -31b?
-344
In base 6, what is 105232 - -43?
105315
In base 6, what is 2 + -2222150?
-2222144
In base 8, what is -74 + -1143?
-1237
In base 7, what is -15 + -100214?
-100232
In base 11, what is -128a2a8 - 1?
-128a2a9
In base 16, what is -6 + -5fd8?
-5fde
In base 2, what is -11010110001000001100 - -11?
-11010110001000001001
In base 3, what is 1 - -101222022221?
101222022222
In base 10, what is 4 - 12130?
-12126
In base 16, what is 5 - 8ced?
-8ce8
In base 9, what is 1 + -57878?
-57877
In base 15, what is -25e + -399?
-608
In base 4, what is -3301130 - -10?
-3301120
In base 14, what is cba4 - -6?
cbaa
In base 9, what is 1744 - -122?
1866
In base 14, what is -53 - 6822?
-6875
In base 9, what is 752 + -405?
346
In base 4, what is -2233 - 101130?
-110023
In base 12, what is -19578 + -2?
-1957a
In base 6, what is -252 + 5005?
4313
In base 4, what is -3022 - -22130?
13102
In base 14, what is 9 - -4548?
4553
In base 2, what is 1000001000111001011011 - -101?
1000001000111001100000
In base 13, what is -bc3 + 16?
-baa
In base 14, what is -3 - -1470c?
14709
In base 6, what is -42 - -115420?
115334
In base 9, what is -51463 + 2?
-51461
In base 7, what is 102 - -4122?
4224
In base 6, what is -3201430 - -10?
-3201420
In base 13, what is -191 + -6?
-197
In base 3, what is 100102 - -1112?
101221
In base 6, what is 22320 + -2?
22314
In base 4, what is 11 - 210113332?
-210113321
In base 6, what is 11025 + -2053?
4532
In base 3, what is 120 - 2212010?
-2211120
In base 2, what is -101001101110011011 - -1101?
-101001101110001110
In base 15, what is 2e4 - -100e?
1303
In base 10, what is 10775 - -5?
10780
In base 10, what is 2126 + 36?
2162
In base 11, what is -248489 + 5?
-248484
In base 9, what is 8543 - 18?
8524
In base 6, what is 1 - 10110214?
-10110213
In base 7, what is 4 + 533055?
533062
In base 13, what is -46911 - 2?
-46913
In base 16, what is -752b + 2?
-7529
In base 14, what is 37 - -448?
481
In base 7, what is 2412 + -4?
2405
In base 15, what is -1 - -22139c?
22139b
In base 2, what is -101 - -1110011100101011110?
1110011100101011001
In base 11, what is 4 + 43661?
43665
In base 10, what is 25040 + 60?
25100
In base 16, what is -e - 479c?
-47aa
In base 3, what is -20120222000 - 101?
-20120222101
In base 14, what is -d - -284c?
283d
In base 11, what is 2 - 925a?
-9258
In base 9, what is -168 - -208?
30
In base 9, what is 8 + -112078?
-112070
In base 14, what is -10570 + 33?
-1053b
In base 14, what is d + 110d?
111c
In base 11, what is -4 - 16434?
-16438
In base 9, what is 34 + 1834?
1868
In base 15, what is -461c - 6?
-4623
In base 14, what is 5c69 + 20?
5c89
In base 2, what is 10110 - 1000101101101001111?
-1000101101100111001
In base 8, what is 1662 + -321?
1341
In base 13, what is -7 - -348c4?
348ba
In base 9, what is 4 - -212358?
212363
In base 4, what is -3 - -33002131?
33002122
In base 8, what is -3607 - -65?
-3522
In base 5, what is -4322 - 341?
-10213
In base 4, what is 3021131 - 12?
3021113
In base 11, what is 1 - -898a52?
898a53
In base 2, what is 1011 + -1001111101010?
-1001111011111
In base 7, what is 5 + -2120042?
-2120034
In base 6, what is -40435 - -220?
-40215
In base 12, what is 8ab8 + -13?
8aa5
In base 3, what is -221102101001 + -1?
-221102101002
In base 12, what is 3b157 + -4?
3b153
In base 13, what is 2 + -6a4?
-6a2
In base 2, what is 110100010101011 + -100?
110100010100111
In base 9, what is -67 - -2488?
2421
In base 12, what is -12394 - -6?
-1238a
In base 2, what is -101000 + -1011001101001?
-1011010010001
In base 14, what is -953d - -50?
-94cd
In base 8, what is 15 + -425?
-410
In base 14, what is -601 - -2?
-5dd
In base 8, what is 55 + -2637?
-2562
In base 7, what is 13262 + -1?
13261
In base 2, what is -11011101111 + 1010?
-11011100101
In base 15, what is 1 + -14a5b?
-14a5a
In base 11, what is 3819 + 262?
3a80
In base 3, what is -10221210 - -1120?
-10220020
In base 8, what is -213 - -531?
316
In base 14, what is 41bd - 61?
415c
In base 16, what is b8cd + 4?
b8d1
In base 11, what is -4 + 7382?
7379
In base 14, what is -1 + -115ad?
-115b0
In base 12, what is -8b - 5533?
-5602
In base 3, what is 11 - 101102021220?
-101102021202
In base 5, what is -400403412 - 3?
-400403420
In base 9, what is -410 - -201?
-208
In base 3, what is 2010211 - -1012210?
10100121
In base 2, what is -1010000100101000 + 1110?
-1010000100011010
In base 3, what is 121 - -22112021?
22112212
In base 7, what is -32 - 1046412?
-1046444
In base 15, what is -113 - -518?
405
In base 7, what is -10410 + -126?
-10536
In base 3, what is 12222 - -121?
20120
In base 11, what is -70 - -838?
778
In base 16, what is -6e934 - 6?
-6e93a
In base 7, what is 263604 + 4?
263611
In base 5, what is -32224 + 2113?
-30111
In base 6, what is 4 - -40344?
40352
In base 4, what is 11320203 + -22?
11320121
In base 11, what is 1 - -445174?
445175
In base 12, what is 2 - -2a7619?
2a761b
In base 13, what is 46 + 11908?
11951
In base 6, what is 112502 + -134?
112324
In base 10, what is 23387 + -3?
23384
In base 3, what is -1112